ided by 13?
10
Let u(h) = 4*h**2 + 1. Let x be u(-1). Let q = x - -30. Calculate the remainder when q is divided by 12.
11
Suppose -c + 2*c = 14. Suppose -4*l = -0*k + 3*k + c, 0 = -4*l - 20. What is the remainder when 11/4 + 2/8 is divided by k?
1
Let j be 1/2*0/5. Let n = j + 5. Calculate the remainder when n is divided by 3.
2
Let j be 8/(-12) - 2/(-3). What is the remainder when 60*((j - -1) + 0) is divided by 21?
18
Let q = -21 - -29. Let n(u) = -u**3 + 9*u**2 - 8*u + 12. What is the remainder when -1*(-2 - -2) - -22 is divided by n(q)?
10
Suppose -5*g - 27 = -157. Let r(n) = -16*n - 2. Calculate the remainder when g is divided by r(-1).
12
Suppose 5*s = 5*p + 40, -22 - 6 = -s + 5*p. Suppose 3*t - 12 = t. Calculate the remainder when t is divided by s.
0
Let u(f) = -f**2 + 9*f - 7. Calculate the remainder when u(6) is divided by 4.
3
What is the remainder when 34 is divided by (-6)/(-2) - -1 - -8?
10
Suppose -3*h - 2*h + 25 = 0. Calculate the remainder when 38 is divided by ((-10)/6)/(h/(-60)).
18
Let f(r) = -6*r - 1. What is the remainder when f(-7) is divided by 11?
8
Suppose -a - 17 = -22. Suppose a*h - 10 = 5. What is the remainder when h is divided by 1?
0
Suppose 4*h = -0*h. Suppose -4*x + 12 = -h*x. What is the remainder when 7 is divided by (x/(-2))/((-1)/2)?
1
Let o = 122 + 20. Calculate the remainder when o is divided by 11.
10
Let c = -5 - -8. Let w be ((-1)/c)/((-2)/138). Let t = w - 8. Calculate the remainder when 28 is divided by t.
13
Let l(y) = -y**3 + 9*y**2 + 8*y - 6. Let q(s) = -3*s - 9. Let w be q(-6). Calculate the remainder when l(w) is divided by 17.
15
Suppose -3*j + 0*p = -p - 6, 5*j - 3*p - 10 = 0. Calculate the remainder when 3 is divided by j.
1
Suppose -10 = f - 2*f. What is the remainder when 28 is divided by f?
8
Let v = 96 - 33. Calculate the remainder when v is divided by (-6)/(-15) + 126/10.
11
Let s = 334 - 229. What is the remainder when s is divided by 27?
24
Let v = 10 + -7. Suppose v*b - 144 = -33. Let m(x) = 2*x + 3. Calculate the remainder when b is divided by m(8).
18
Let d = -11 + 66. Suppose 60 = 4*w + 2*s, -3*s + 4*s - 44 = -3*w. What is the remainder when d is divided by w?
13
Let g = -10 + 10. Suppose g = 5*x + 14 - 189. What is the remainder when x is divided by 19?
16
Suppose 5*f + 13 = 38. Suppose 0 = -f*w + w + 256. Calculate the remainder when (4 + -9)*w/(-10) is divided by 11.
10
Suppose -2*o - 2 = 0, -4 - 7 = -4*s - o. Let g = -74 + 78. What is the remainder when g is divided by s?
1
Let v(x) = -5*x + 5*x**2 - 4*x**2 + 2 - x + x. Calculate the remainder when 6 is divided by v(5).
0
Let y(v) = -v**3 - 14*v**2 - 3*v - 17. What is the remainder when 99 is divided by y(-14)?
24
Let k = -60 + 147. What is the remainder when k is divided by 30?
27
Let p be (2 - (-24)/(-9))*3. Calculate the remainder when 19 is divided by -2 + 27/(-6)*p.
5
Suppose 3*f - 85 = -28. Let w = 37 - f. Calculate the remainder when 34 is divided by w.
16
Suppose 18 + 87 = 5*a. Calculate the remainder when 39 is divided by a.
18
Suppose -25 = -2*c + 41. What is the remainder when c is divided by 18?
15
Calculate the remainder when 23 is divided by 18/7*1/3*14.
11
Suppose -2*a + 0*a = 4*d - 308, -a = 2. Calculate the remainder when d is divided by 20.
18
Suppose -10*v = -9*v - 6. What is the remainder when 21 is divided by v?
3
Calculate the remainder when (-2 - 1) + (63 - -1) is divided by 21.
19
Let b(g) = g**2 - g - 4. Let f be b(5). Suppose 2*u - f = 24. What is the remainder when u is divided by 11?
9
Suppose 7*x = 11*x - 152. Calculate the remainder when x is divided by 22.
16
Let d be -4*1/(2/(-5)). Let f be (-1 + -2)*(-2 + 1). Suppose -5*v = -d, f*r = v + 27 + 106. What is the remainder when r is divided by 16?
13
Let b(q) = 2*q - 2. What is the remainder when b(2) is divided by 1/3 + (-2)/(-3)?
0
Let q(o) = o**2 - 7*o - 1. Let f(p) = p + 7. Calculate the remainder when f(5) is divided by q(8).
5
Suppose 102 = 9*l - 357. What is the remainder when l is divided by 27?
24
Let j(t) = -11*t + 1. Suppose 3*p + c + 4*c - 12 = 0, -p - 3*c = -8. What is the remainder when 35 is divided by j(p)?
11
Let u = -70 - -126. Suppose 2*a = 6*a - 3*l - 17, -l = -1. Suppose 5*f - 70 = -5*g, g + u = a*g + 5*f. Calculate the remainder when 26 is divided by g.
12
Calculate the remainder when 98 is divided by (-3)/(-7) - 2064/(-84).
23
Let f = 13 - -5. Let n = -4 + 11. What is the remainder when f is divided by n?
4
Let x = -346 + 242. Let v = x + 150. Calculate the remainder when v is divided by 16.
14
Suppose -3*y + 5*y = 48. Let u = y + -14. What is the remainder when 48 is divided by u?
8
Let l = -17 - -72. What is the remainder when l is divided by 19?
17
Let t be 2*(9 + 2) - -2. Suppose t + 0 = -3*j. Calculate the remainder when 14 is divided by j/(-2 - -4)*-2.
6
Suppose 0 = h - 3*b - 81, -81 = -h - 0*h + 5*b. Let p = -48 + h. Calculate the remainder when p is divided by ((-12)/4)/((-2)/8).
9
Let c = -10 - -21. Let q = -25 - -44. Calculate the remainder when q is divided by c.
8
What is the remainder when 3*-27*(-10)/30 is divided by 7?
6
Calculate the remainder when (-92)/20 + 4 + (-2394)/(-15) is divided by 32.
31
Let i = 5 - -4. What is the remainder when 17 is divided by i?
8
Let q = -15 + 29. What is the remainder when 51 is divided by q?
9
Let z(n) = n**2 - 5*n + 8. Calculate the remainder when z(-5) is divided by 30.
28
Let a(j) = 2*j - 4. What is the remainder when a(10) is divided by 10?
6
Suppose 0 = -3*k + 3*g + 48, 0*k + g = 2*k - 34. Suppose 2*i = -i + k. What is the remainder when (-83)/(-5) - (-2)/5 is divided by i?
5
Let k(u) = u + 6. Let n be k(-9). What is the remainder when 15*2 + n + 1 is divided by 10?
8
Let q = 126 + -87. What is the remainder when q is divided by 14?
11
Suppose -5*f - 1 = 3*d, -16 = -4*d - 2*f + 4*f. Let u = d + -1. Suppose -6 = -3*y + 5*r - 2*r, -4*y - 4*r = 0. Calculate the remainder when u is divided by y.
0
Let t be 0/(1/(3/3)). Suppose -4 = -n - 2*f, 0 = n - 5*f - t - 4. Suppose 3*l + n - 22 = 0. Calculate the remainder when l is divided by 4.
2
Let o = 5 + -3. Let v(r) = r**2 + 8*r - 6. Calculate the remainder when v(-9) is divided by o.
1
Let v(z) = z**2 - 2*z - 1. Let i(g) = -7*g - g**3 + 2 + 0*g**2 + 6*g**2 + 5. Let a be i(5). Calculate the remainder when 41 is divided by v(a).
13
Let q = 47 - 36. Calculate the remainder when 25 is divided by q.
3
Let m(d) = d**3 - 16*d**2 + 46. Let t = -7 - -23. Calculate the remainder when m(16) is divided by t.
14
Let t(n) = -n + 1. Let q = 25 - 35. Let i = q + 7. Calculate the remainder when 6 is divided by t(i).
2
Suppose -4 - 1 = c, 0 = -l - c - 2. What is the remainder when 7 is divided by l?
1
Suppose 0*j + 24 = 3*j. Let y be (-2826)/(-66) - 2/(-11). Suppose g - z = -2*z + 15, -3*g = z - y. What is the remainder when g is divided by j?
6
Suppose 11*t = 8*t + 12. Let d(g) = 2*g**2 + 2*g. Let n be d(-2). Calculate the remainder when n/(-2)*(-22)/4 is divided by t.
3
Calculate the remainder when (10 - -182)*(0 - 6/(-8)) is divided by 21.
18
Let d(z) = z**3 - 10*z**2 + 29*z - 10. Calculate the remainder when d(9) is divided by 43.
41
Suppose -3*p + 6 + 18 = 0. What is the remainder when p is divided by 3?
2
Suppose -3*k = -q - 27, 3*k + 0*k = -2*q + 27. Calculate the remainder when 32 is divided by k.
5
Suppose -3*x = -x - 268. What is the remainder when x is divided by 34?
32
Suppose 0*r + 89 = 3*r - 2*u, 2*r - 58 = u. What is the remainder when 51 is divided by r?
24
What is the remainder when 75 is divided by (-155)/(-6) - 6/(-36)?
23
Let h(m) = m + 2. Let k be h(3). Let t(w) = -2*w**3 + 11*w**2 - 4*w + 6. Calculate the remainder when 21 is divided by t(k).
10
Suppose 0 = 3*y + 2*y - 90. Suppose d + d = 138. Calculate the remainder when d is divided by y.
15
Let d be 7/(-14) - 18/(-4). Suppose -3*w = d - 40. What is the remainder when 46 is divided by w?
10
Let r(j) = j + 12. Let h = -11 + 20. What is the remainder when r(5) is divided by h?
8
Suppose -4*b + 2 + 26 = 0. Calculate the remainder when b is divided by 4.
3
Let m = -38 + 71. What is the remainder when m is divided by 12?
9
Let x(r) = -r**3 + r**2 + r + 1. Let m = -47 - -48. What is the remainder when m is divided by x(0)?
0
Let r be -2 + -18 - (-8 + 5). Let n = r - -32. Ca